ber?
True
Let z(g) = 2*g**2 - 3*g + 7. Let b be z(-6). Let c = b - 94. Suppose -4*n + 0*n + 18809 = -c*v, -5*n = -v - 23514. Is n a composite number?
False
Let b(f) be the first derivative of 493*f**4/4 - 2*f**3/3 + 2*f**2 - f + 6. Is b(2) composite?
False
Suppose -o + 2 = 3*c + 1, 3*c + 59 = 5*o. Is (-5)/((-25)/o)*(-12867)/(-6) a composite number?
False
Let i be -4 - (9 - 6 - 6384). Suppose -4*w + 3839 = 3*n, -n = -6*n + 4*w + i. Is n prime?
True
Let d = 3443 + 8671. Is d/10 - (60/25 + -2) composite?
True
Suppose j = -6*z + 771997, 25*z - 2*j = 23*z + 257330. Is z composite?
True
Let h be 20/50 - (-2 + 3/(-5)). Let u be 2/h + 3095/15. Let l = 290 - u. Is l a prime number?
True
Let c(h) = -196*h**3 - 20*h**2 + 45*h + 92. Is c(-9) a composite number?
True
Let d(x) = -3*x**2 + 19*x - 14. Let a be d(13). Let w = -384 - a. Let u = 529 + w. Is u prime?
True
Let g = -30800 + 62917. Is g composite?
False
Let w = 2535 - 1103. Let p = -755 + w. Is p prime?
True
Let p(d) = 176*d**3 + 144*d**2 - 16*d - 11. Is p(6) a prime number?
True
Suppose 33*k - 624*k = -81965199. Is k a composite number?
True
Let j(l) = l**2 - 2*l + 5. Let y be j(0). Suppose q = y - 2. Suppose n - 3 = 0, q*d + 4*n + 2414 = 5*d. Is d composite?
False
Let u = -25055 - -41374. Is u a prime number?
True
Let x(d) = -16*d**2 + 5*d + 9. Let a(j) = 31*j**2 - 9*j - 19. Let i(n) = 6*a(n) + 11*x(n). Let g be i(-9). Suppose t - g = -t. Is t a prime number?
False
Let a(m) = -311*m - 1968. Is a(-25) prime?
True
Suppose 0 = -193*o + 19195679 + 9588989 - 1159227. Is o a prime number?
True
Let z = 34 - 34. Suppose 0 = -4*x - 0*x - z*x. Suppose x = -3*w - 2*w + 4535. Is w a prime number?
True
Let i(c) = 5*c + 0*c**3 - 745 + 12*c**2 - 40*c**2 + 728 + 2*c**3. Is i(14) prime?
True
Suppose -z - 3*g = -43059, -z - 172227 = -5*z - 3*g. Let q = z - 12763. Is q a prime number?
True
Suppose 3*c + 419 = 407, -15975 = -y + 4*c. Is y a prime number?
True
Let d(m) = -10*m**3 - 9*m**2 - m + 25. Let f be d(-4). Suppose 529*q - 9916 = f*q. Is q composite?
True
Let p be 3/(-18) - 62/(-12). Suppose p*j = -0*j + 38945. Is j a prime number?
True
Let j(k) = 151*k**2 - 5*k - 6. Suppose 0*t - 2*t - 6 = 0. Let p be j(t). Suppose p = 5*h - 677. Is h a prime number?
True
Is ((-2)/14)/(207/(-1250487)) composite?
False
Is 2/8*(279051 - 39) composite?
True
Suppose 0 = u + 15 - 7, -12478440 = -16*w + 3*u. Is w a prime number?
False
Let v = 152 - 312. Let h(u) = -4*u**3 - 29*u**2 - 23*u - 97. Let q be h(-8). Let d = q + v. Is d prime?
False
Is -2 + (-25)/(-12) + (-1250691235)/(-3660) composite?
True
Let j(w) = 73*w**3 - 22*w**2 + 3*w + 107. Is j(10) composite?
False
Let x = 56946 - -123683. Is x prime?
True
Suppose 94*q - 36495595 - 19151935 = 0. Is q a prime number?
False
Let k = -486009 + 788908. Is k composite?
True
Let a(z) = -z**2 + 22*z - 80. Let h be a(6). Is 1*24100/h - 27/(-36) prime?
False
Let n(r) = -3*r**3 - 8*r**2 + 8*r - 2. Let o be n(3). Let u be ((-819)/13)/((-1 - -2)/o). Let k = u + -4616. Is k a prime number?
True
Let j(t) = -t**3 - 24*t**2 - t - 30. Let i be j(-24). Let q(n) = 110*n**2 - 3*n + 29. Is q(i) composite?
False
Let t be (10 + -6)/(2/10). Let j = t + -15. Suppose j*v - 11748 = -7*v. Is v a prime number?
False
Suppose -28*l + 238056 = 24528. Suppose 1720 = -h + l. Is h prime?
False
Let z = -400 - -695. Let k be (-1767)/17 + 72/(-1224). Let m = z + k. Is m prime?
True
Let p(q) = -91489*q - 206. Is p(-1) composite?
False
Is 108292/3 + (-4)/21 + (-219)/1533 composite?
False
Suppose 4*b - 11 = 3*y, b = -7*y + 6*y + 1. Let u be 46782/4 + y + 3/(-6). Suppose 336 = 6*c - u. Is c a composite number?
True
Let g(f) = 763225*f + 54. Let w be g(-3). Is w/(-301) + 2/7 composite?
False
Suppose -272306249 = 761*b - 988*b. Is b prime?
True
Suppose 21*p - 34*p = 91. Is (-12146)/(1*14/p) a prime number?
True
Is 6*5/3 + 9 + 332748 a composite number?
False
Let m = -52833 + 192248. Is m composite?
True
Suppose -2*r + 39 = 11*r. Suppose -r*n = -4*k - 25735, 4*n - k - 34322 = -0*k. Is n composite?
False
Suppose -10*h - 30 = -11*h + 2*l, -3*h = l - 90. Suppose -2*u = 2 + 2, 2*f + 5*u - h = 0. Suppose -o = -2*t - f, 4*o - 43 - 70 = -3*t. Is o a prime number?
False
Let o = -2019 - -1139. Let c = 1521 + o. Is c a prime number?
True
Let b(q) = 113*q**2 + 7*q + 23. Let j be b(-3). Let c = j - 517. Is c prime?
False
Let z = 9430 + -7303. Suppose 5*h = -5471 + 51. Let t = z + h. Is t a composite number?
True
Let d(f) = -4*f - 122. Let m be d(-28). Let j(z) = -150*z + 9. Is j(m) prime?
False
Suppose -2*t = -3*v + 136311, -2*v + 2*t + 42120 = -48758. Is v prime?
True
Let g(x) = -2*x**2 + 8*x - 3. Let m be g(3). Let h(i) = 85*i**2 - 2*i - 8. Is h(m) a prime number?
True
Let y(d) = -d**2 + 1. Let k(s) = -7*s**2 - 10*s + 18. Let v(b) = k(b) - 5*y(b). Let m be v(-6). Is -4*1 + (-4 - (-1678 - m)) a composite number?
True
Suppose 2247843 = -22*i + 61*i. Is i composite?
False
Suppose 10*i - 24 = 6*i. Let r be (8/(-6))/(i/9). Is r + 0 - 3384/(-24) a prime number?
True
Let g(q) be the third derivative of -q**7/840 - q**6/360 + q**5/30 - q**4/8 - 5*q**3/3 + 9*q**2. Let l(d) be the first derivative of g(d). Is l(-5) prime?
False
Let s be ((-404)/(-6))/(5/(-3225)*-5). Suppose -5*h + 2*i - 9809 = 0, -4*h - s + 852 = 5*i. Let r = -1398 - h. Is r a prime number?
True
Is (-8 + 68201/(-63))*-138 - (-1)/3 a composite number?
False
Let j be (1 - (4 + 3)) + -4. Let b(p) = -51*p + 1. Is b(j) a prime number?
False
Suppose -27*m + 11*m + 48 = 0. Suppose -a + 0*a + 2861 = m*u, 5*u - 4763 = -3*a. Is u prime?
False
Let d(w) = -w**2 - 52*w + 499. Let k be d(8). Let n(c) = 2*c**3 - 8*c**2 + 9*c - 6. Let x be n(6). Let r = x + k. Is r prime?
True
Let f(q) be the first derivative of 5*q**3 + 14*q**2 - 17*q - 27. Is f(12) a composite number?
True
Let l = -51 - -70. Suppose -l*g = -24*g + 17015. Is g a composite number?
True
Let k = 2415702 + -1401925. Is k a prime number?
False
Is (-8 - (-16290)/40)*(-10 - -1542) prime?
False
Suppose -9*f + 2608 + 1037 = 0. Suppose f = -6*d + 3927. Suppose -d = -r - 180. Is r a prime number?
False
Suppose -29*i = 43*i - 477288. Is i prime?
False
Is 8*(-14)/1288 - (-116175)/23 prime?
True
Suppose 21*c + 11*c - 5502593 = c. Is c a prime number?
False
Let o = 59824 - 35813. Is o a prime number?
False
Suppose -5*u + 3902 = 2*t, -3*u = -0*t + 3*t - 2343. Suppose -u = 5*w + 75. Let r = 248 + w. Is r a prime number?
False
Let o be (-1505)/(-6) + 3 + 85/(-30). Suppose 4*f = -5*r + 1258, -r + 2*f + o = 3*f. Is r*(56/14 - (-6)/(-4)) composite?
True
Let j = 172883 - -32362. Suppose 10*p - j = -35*p. Is p composite?
False
Suppose 21*d - 45*d + 543672 = 0. Suppose -41*j + 14*j = -d. Is j prime?
True
Suppose -21*x + 10720767 = 11*x - 1065569. Is x a prime number?
True
Let m be 2/3 + 340/102. Suppose 0 = -3*r + 8*v - 7*v + 20248, 33749 = 5*r - m*v. Is r prime?
False
Let x = 53 + -40. Suppose -6*u - 14 = -x*u. Suppose 0 = 2*j - 3*i - 823, 863 = u*j - i + 6*i. Is j a composite number?
False
Suppose 0 = 3*a - 9, 37 = 2*y + 3*y - a. Is 9984 - (-4)/(y/2) composite?
True
Suppose -527*j - 24 = -530*j. Suppose 5904 = j*v + 552. Is v composite?
True
Suppose -2*n - 3*k + 80518 = 0, 0 = 11*n - 16*n - 5*k + 201295. Is n prime?
False
Suppose -3*n - 3*i = -121821, 150*n - 148*n = i + 81220. Is n a prime number?
True
Let x(p) = 1032*p**2 - 63*p + 88. Is x(5) a prime number?
False
Suppose -12*y + 6*y + 72 = 0. Suppose 0 = -3*s - y - 3. Is (s/10)/(3/(-19794)*1) prime?
True
Let r be 4/4 + -6 + -2 + 14816. Let t = -4938 + r. Is t prime?
True
Let x(o) = -46*o - 98. Let r be x(8). Is r/(-2)*(-32 - -33) a composite number?
False
Let c = 5507 - -21962. Is c a composite number?
True
Let u = 1 - 58. Let k be 2/((-24)/u) + 1/4. Suppose 0 = 5*z - k*g - 795, -365 = -3*z - 4*g + 98. Is z prime?
True
Let s = 312 + 891. Is s prime?
False
Suppose 12*r + 3 = 51. Suppose -1816 = -4*n + r*t, -n + 321 + 153 = -5*t. Is n composite?
False
Suppose -4*p = -3*p - h - 7, -43 = -5*p + 3*h. Is (-25454 - 3)*(p + -12) a prime number?
True
Suppose -126 = -15*h + 9. Is 4813*(6 + (4 - h)) composite?
False
Let r = -182 - 96. Is (r/5)/(4/(-10)) a prime number?
True
Let m(q) = 7*q**3 + 4*q**2 - 9*q + 8. Let b be m(2). Suppose b*o = 18*o + 134156. Is o a prime number?
True
Suppose 95*w - 1920 